{"id":32,"date":"2024-01-04T13:26:41","date_gmt":"2024-01-04T16:26:41","guid":{"rendered":"https:\/\/elviajedeacandras.com\/index.php\/historia\/"},"modified":"2025-04-30T11:06:26","modified_gmt":"2025-04-30T14:06:26","slug":"historia","status":"publish","type":"page","link":"https:\/\/elviajedeacandras.com\/index.php\/historia\/","title":{"rendered":"Historia\/Volver"},"content":{"rendered":"\n<p><\/p>\n\n\n\n<p><\/p>\n\n\n\n<p><\/p>\n\n\n\n<p><\/p>\n\n\n\n\n\n<p><\/p>\n\n\n\n<p class=\"has-medium-font-size\">En el tiempo sin tiempos, el ser llamado Acandras habitaba en otra dimensi\u00f3n. <br>All\u00ed, seg\u00fan un vago recuerdo, dorm\u00eda y so\u00f1aba con historias de aventuras. <br>Pero algo ocurri\u00f3 y Acandras despert\u00f3. Descubri\u00f3 entonces que ten\u00eda una misi\u00f3n: realizar un viaje de aprendizaje para llegar a un lugar desconocido, donde lo esperaba su destino. As\u00ed, emprendi\u00f3 un largo camino.<\/p>\n\n\n\n<p class=\"has-medium-font-size\">En un viejo cuaderno, Acandras anot\u00f3 las conclusiones de cada una de sus aventuras. Los rumores dicen que ese cuaderno se perdi\u00f3. Al finalizar su viaje, Acandras tuvo que dejarlo atr\u00e1s y nadie m\u00e1s lo record\u00f3.<br><br>Sin embargo, mucho tiempo despu\u00e9s, un peque\u00f1o pastor, en uno de sus paseos, lo encontr\u00f3 escondido en el hueco del tronco de un viejo manzano. Comenz\u00f3 a leerlo y, a trav\u00e9s de esas palabras, adquiri\u00f3 conocimientos. Se volvi\u00f3 sabio, y por eso fue nombrado el decimoquinto Or\u00e1culo del Templo de la Balanza.<\/p>\n\n\n\n<p><\/p>\n\n\n\n<p class=\"has-small-font-size\"><\/p>\n\n\n\n\n\n<p><\/p>\n","protected":false},"excerpt":{"rendered":"<p>En el tiempo sin tiempos, el ser llamado Acandras habitaba en otra dimensi\u00f3n. All\u00ed, seg\u00fan un vago recuerdo, dorm\u00eda y so\u00f1aba con historias de aventuras. Pero algo ocurri\u00f3 y Acandras despert\u00f3. Descubri\u00f3 entonces que ten\u00eda una misi\u00f3n: realizar un viaje de aprendizaje para llegar a un lugar desconocido, donde lo esperaba su destino. As\u00ed, emprendi\u00f3 [&hellip;]<\/p>\n","protected":false},"author":1,"featured_media":0,"parent":0,"menu_order":0,"comment_status":"closed","ping_status":"closed","template":"full-width","meta":{"saved_in_kubio":true,"footnotes":""},"class_list":["post-32","page","type-page","status-publish","hentry"],"kubio_ai_page_context":{"short_desc":"","purpose":"general"},"_links":{"self":[{"href":"https:\/\/elviajedeacandras.com\/index.php\/wp-json\/wp\/v2\/pages\/32","targetHints":{"allow":["GET"]}}],"collection":[{"href":"https:\/\/elviajedeacandras.com\/index.php\/wp-json\/wp\/v2\/pages"}],"about":[{"href":"https:\/\/elviajedeacandras.com\/index.php\/wp-json\/wp\/v2\/types\/page"}],"author":[{"embeddable":true,"href":"https:\/\/elviajedeacandras.com\/index.php\/wp-json\/wp\/v2\/users\/1"}],"replies":[{"embeddable":true,"href":"https:\/\/elviajedeacandras.com\/index.php\/wp-json\/wp\/v2\/comments?post=32"}],"version-history":[{"count":11,"href":"https:\/\/elviajedeacandras.com\/index.php\/wp-json\/wp\/v2\/pages\/32\/revisions"}],"predecessor-version":[{"id":336,"href":"https:\/\/elviajedeacandras.com\/index.php\/wp-json\/wp\/v2\/pages\/32\/revisions\/336"}],"wp:attachment":[{"href":"https:\/\/elviajedeacandras.com\/index.php\/wp-json\/wp\/v2\/media?parent=32"}],"curies":[{"name":"wp","href":"https:\/\/api.w.org\/{rel}","templated":true}]}}